{"id":677,"date":"2024-06-05T21:55:49","date_gmt":"2024-06-05T19:55:49","guid":{"rendered":"https:\/\/fredericlouvier.com\/?page_id=677"},"modified":"2024-12-03T14:54:18","modified_gmt":"2024-12-03T13:54:18","slug":"mystiques","status":"publish","type":"page","link":"https:\/\/fredericlouvier.com\/index.php\/mystiques\/","title":{"rendered":"Mystiques"},"content":{"rendered":"<p style=\"text-align: center;\"><em>Les Mystiques<\/em><\/p>\n<p style=\"text-align: center;\">Cliquez sur les images pour les agrandir !<\/p>\n<p style=\"text-align: center;\"><em>Cette s\u00e9rie, d\u00e9but\u00e9e en 2024, repr\u00e9sente des personnages en pied, entre 80 et 95 cm de haut. La base est un gr\u00e8s blanc sur lequel j&rsquo;ai pos\u00e9 un engobe vitrifi\u00e9 au kaolin de la carri\u00e8re voisine de Pl\u0153meur (56).\u00a0 Pour l&rsquo;une d&rsquo;elle, c&rsquo;est une terre locale \u00e0 laquelle j&rsquo;ai rajout\u00e9 des restes d&rsquo;\u00e9mail. Les Mystiques peuvent faire penser \u00e0 la statuaire des \u00e9glises, effectivement j&rsquo;aime beaucoup visiter les \u00e9glises et suis tr\u00e8s touch\u00e9 par l&rsquo;art sacr\u00e9. Ici ce ne sont pas vraiment des personnages religieux, mais des personnages plut\u00f4t myst\u00e9rieux, desquels \u00e9mane, je l&rsquo;esp\u00e8re, une certaine sagesse, une atmosph\u00e8re de paix &#8230;<\/em><\/p>\n<p>&nbsp;<\/p>\n<div id='gallery-1' class='gallery galleryid-677 gallery-columns-3 gallery-size-medium'><figure class='gallery-item'>\n\t\t\t<div class='gallery-icon portrait'>\n\t\t\t\t<a href='https:\/\/fredericlouvier.com\/index.php\/mystiques\/deesse-aux-fleurs\/'><img loading=\"lazy\" decoding=\"async\" width=\"225\" height=\"300\" src=\"https:\/\/i0.wp.com\/fredericlouvier.com\/wp-content\/uploads\/2024\/12\/deesse-aux-fleurs.jpg?fit=225%2C300&amp;ssl=1\" class=\"attachment-medium size-medium\" alt=\"\" srcset=\"https:\/\/i0.wp.com\/fredericlouvier.com\/wp-content\/uploads\/2024\/12\/deesse-aux-fleurs.jpg?w=864&amp;ssl=1 864w, https:\/\/i0.wp.com\/fredericlouvier.com\/wp-content\/uploads\/2024\/12\/deesse-aux-fleurs.jpg?resize=225%2C300&amp;ssl=1 225w, https:\/\/i0.wp.com\/fredericlouvier.com\/wp-content\/uploads\/2024\/12\/deesse-aux-fleurs.jpg?resize=768%2C1024&amp;ssl=1 768w\" sizes=\"auto, (max-width: 225px) 100vw, 225px\" \/><\/a>\n\t\t\t<\/div><\/figure><figure class='gallery-item'>\n\t\t\t<div class='gallery-icon portrait'>\n\t\t\t\t<a href='https:\/\/fredericlouvier.com\/index.php\/mystiques\/deesse-aux-fleurs1\/'><img loading=\"lazy\" decoding=\"async\" width=\"225\" height=\"300\" src=\"https:\/\/i0.wp.com\/fredericlouvier.com\/wp-content\/uploads\/2024\/12\/deesse-aux-fleurs1.jpg?fit=225%2C300&amp;ssl=1\" class=\"attachment-medium size-medium\" alt=\"\" srcset=\"https:\/\/i0.wp.com\/fredericlouvier.com\/wp-content\/uploads\/2024\/12\/deesse-aux-fleurs1.jpg?w=864&amp;ssl=1 864w, https:\/\/i0.wp.com\/fredericlouvier.com\/wp-content\/uploads\/2024\/12\/deesse-aux-fleurs1.jpg?resize=225%2C300&amp;ssl=1 225w, https:\/\/i0.wp.com\/fredericlouvier.com\/wp-content\/uploads\/2024\/12\/deesse-aux-fleurs1.jpg?resize=768%2C1024&amp;ssl=1 768w\" sizes=\"auto, (max-width: 225px) 100vw, 225px\" \/><\/a>\n\t\t\t<\/div><\/figure><figure class='gallery-item'>\n\t\t\t<div class='gallery-icon portrait'>\n\t\t\t\t<a href='https:\/\/fredericlouvier.com\/index.php\/mystiques\/deesse-aux-fleurs2\/'><img loading=\"lazy\" decoding=\"async\" width=\"225\" height=\"300\" src=\"https:\/\/i0.wp.com\/fredericlouvier.com\/wp-content\/uploads\/2024\/12\/deesse-aux-fleurs2.jpg?fit=225%2C300&amp;ssl=1\" class=\"attachment-medium size-medium\" alt=\"\" srcset=\"https:\/\/i0.wp.com\/fredericlouvier.com\/wp-content\/uploads\/2024\/12\/deesse-aux-fleurs2.jpg?w=864&amp;ssl=1 864w, https:\/\/i0.wp.com\/fredericlouvier.com\/wp-content\/uploads\/2024\/12\/deesse-aux-fleurs2.jpg?resize=225%2C300&amp;ssl=1 225w, https:\/\/i0.wp.com\/fredericlouvier.com\/wp-content\/uploads\/2024\/12\/deesse-aux-fleurs2.jpg?resize=768%2C1024&amp;ssl=1 768w\" sizes=\"auto, (max-width: 225px) 100vw, 225px\" \/><\/a>\n\t\t\t<\/div><\/figure><figure class='gallery-item'>\n\t\t\t<div class='gallery-icon portrait'>\n\t\t\t\t<a href='https:\/\/fredericlouvier.com\/index.php\/mystiques\/deesse-aux-fleurs3\/'><img loading=\"lazy\" decoding=\"async\" width=\"225\" height=\"300\" src=\"https:\/\/i0.wp.com\/fredericlouvier.com\/wp-content\/uploads\/2024\/12\/deesse-aux-fleurs3.jpg?fit=225%2C300&amp;ssl=1\" class=\"attachment-medium size-medium\" alt=\"\" srcset=\"https:\/\/i0.wp.com\/fredericlouvier.com\/wp-content\/uploads\/2024\/12\/deesse-aux-fleurs3.jpg?w=864&amp;ssl=1 864w, https:\/\/i0.wp.com\/fredericlouvier.com\/wp-content\/uploads\/2024\/12\/deesse-aux-fleurs3.jpg?resize=225%2C300&amp;ssl=1 225w, https:\/\/i0.wp.com\/fredericlouvier.com\/wp-content\/uploads\/2024\/12\/deesse-aux-fleurs3.jpg?resize=768%2C1024&amp;ssl=1 768w\" sizes=\"auto, (max-width: 225px) 100vw, 225px\" \/><\/a>\n\t\t\t<\/div><\/figure><figure class='gallery-item'>\n\t\t\t<div class='gallery-icon portrait'>\n\t\t\t\t<a href='https:\/\/fredericlouvier.com\/index.php\/mystiques\/1le-monde-carte-xxi\/'><img loading=\"lazy\" decoding=\"async\" width=\"225\" height=\"300\" src=\"https:\/\/i0.wp.com\/fredericlouvier.com\/wp-content\/uploads\/2024\/12\/1Le-Monde-carte-XXI.jpg?fit=225%2C300&amp;ssl=1\" class=\"attachment-medium size-medium\" alt=\"\" srcset=\"https:\/\/i0.wp.com\/fredericlouvier.com\/wp-content\/uploads\/2024\/12\/1Le-Monde-carte-XXI.jpg?w=1210&amp;ssl=1 1210w, https:\/\/i0.wp.com\/fredericlouvier.com\/wp-content\/uploads\/2024\/12\/1Le-Monde-carte-XXI.jpg?resize=225%2C300&amp;ssl=1 225w, https:\/\/i0.wp.com\/fredericlouvier.com\/wp-content\/uploads\/2024\/12\/1Le-Monde-carte-XXI.jpg?resize=768%2C1024&amp;ssl=1 768w, https:\/\/i0.wp.com\/fredericlouvier.com\/wp-content\/uploads\/2024\/12\/1Le-Monde-carte-XXI.jpg?resize=1152%2C1536&amp;ssl=1 1152w\" sizes=\"auto, (max-width: 225px) 100vw, 225px\" \/><\/a>\n\t\t\t<\/div><\/figure><figure class='gallery-item'>\n\t\t\t<div class='gallery-icon portrait'>\n\t\t\t\t<a href='https:\/\/fredericlouvier.com\/index.php\/mystiques\/2le-monde-carte-xxi\/'><img loading=\"lazy\" decoding=\"async\" width=\"225\" height=\"300\" src=\"https:\/\/i0.wp.com\/fredericlouvier.com\/wp-content\/uploads\/2024\/12\/2Le-Monde-carte-XXI.jpg?fit=225%2C300&amp;ssl=1\" class=\"attachment-medium size-medium\" alt=\"\" srcset=\"https:\/\/i0.wp.com\/fredericlouvier.com\/wp-content\/uploads\/2024\/12\/2Le-Monde-carte-XXI.jpg?w=1210&amp;ssl=1 1210w, https:\/\/i0.wp.com\/fredericlouvier.com\/wp-content\/uploads\/2024\/12\/2Le-Monde-carte-XXI.jpg?resize=225%2C300&amp;ssl=1 225w, https:\/\/i0.wp.com\/fredericlouvier.com\/wp-content\/uploads\/2024\/12\/2Le-Monde-carte-XXI.jpg?resize=768%2C1024&amp;ssl=1 768w, https:\/\/i0.wp.com\/fredericlouvier.com\/wp-content\/uploads\/2024\/12\/2Le-Monde-carte-XXI.jpg?resize=1152%2C1536&amp;ssl=1 1152w\" sizes=\"auto, (max-width: 225px) 100vw, 225px\" \/><\/a>\n\t\t\t<\/div><\/figure><figure class='gallery-item'>\n\t\t\t<div class='gallery-icon portrait'>\n\t\t\t\t<a href='https:\/\/fredericlouvier.com\/index.php\/mystiques\/le-monde-carte-xxi\/'><img loading=\"lazy\" decoding=\"async\" width=\"225\" height=\"300\" src=\"https:\/\/i0.wp.com\/fredericlouvier.com\/wp-content\/uploads\/2024\/12\/Le-Monde-carte-XXI.jpg?fit=225%2C300&amp;ssl=1\" class=\"attachment-medium size-medium\" alt=\"\" srcset=\"https:\/\/i0.wp.com\/fredericlouvier.com\/wp-content\/uploads\/2024\/12\/Le-Monde-carte-XXI.jpg?w=1210&amp;ssl=1 1210w, https:\/\/i0.wp.com\/fredericlouvier.com\/wp-content\/uploads\/2024\/12\/Le-Monde-carte-XXI.jpg?resize=225%2C300&amp;ssl=1 225w, https:\/\/i0.wp.com\/fredericlouvier.com\/wp-content\/uploads\/2024\/12\/Le-Monde-carte-XXI.jpg?resize=768%2C1024&amp;ssl=1 768w, https:\/\/i0.wp.com\/fredericlouvier.com\/wp-content\/uploads\/2024\/12\/Le-Monde-carte-XXI.jpg?resize=1152%2C1536&amp;ssl=1 1152w\" sizes=\"auto, (max-width: 225px) 100vw, 225px\" \/><\/a>\n\t\t\t<\/div><\/figure><figure class='gallery-item'>\n\t\t\t<div class='gallery-icon portrait'>\n\t\t\t\t<a href='https:\/\/fredericlouvier.com\/index.php\/mystiques\/guerisseuse2\/'><img loading=\"lazy\" decoding=\"async\" width=\"225\" height=\"300\" src=\"https:\/\/i0.wp.com\/fredericlouvier.com\/wp-content\/uploads\/2024\/06\/guerisseuse2.jpg?fit=225%2C300&amp;ssl=1\" class=\"attachment-medium size-medium\" alt=\"\" srcset=\"https:\/\/i0.wp.com\/fredericlouvier.com\/wp-content\/uploads\/2024\/06\/guerisseuse2.jpg?w=907&amp;ssl=1 907w, https:\/\/i0.wp.com\/fredericlouvier.com\/wp-content\/uploads\/2024\/06\/guerisseuse2.jpg?resize=225%2C300&amp;ssl=1 225w, https:\/\/i0.wp.com\/fredericlouvier.com\/wp-content\/uploads\/2024\/06\/guerisseuse2.jpg?resize=768%2C1025&amp;ssl=1 768w\" sizes=\"auto, (max-width: 225px) 100vw, 225px\" \/><\/a>\n\t\t\t<\/div><\/figure><figure class='gallery-item'>\n\t\t\t<div class='gallery-icon portrait'>\n\t\t\t\t<a href='https:\/\/fredericlouvier.com\/index.php\/mystiques\/guerisseuse\/'><img loading=\"lazy\" decoding=\"async\" width=\"170\" height=\"300\" src=\"https:\/\/i0.wp.com\/fredericlouvier.com\/wp-content\/uploads\/2024\/06\/guerisseuse.jpg?fit=170%2C300&amp;ssl=1\" class=\"attachment-medium size-medium\" alt=\"\" srcset=\"https:\/\/i0.wp.com\/fredericlouvier.com\/wp-content\/uploads\/2024\/06\/guerisseuse.jpg?w=678&amp;ssl=1 678w, https:\/\/i0.wp.com\/fredericlouvier.com\/wp-content\/uploads\/2024\/06\/guerisseuse.jpg?resize=170%2C300&amp;ssl=1 170w, https:\/\/i0.wp.com\/fredericlouvier.com\/wp-content\/uploads\/2024\/06\/guerisseuse.jpg?resize=579%2C1024&amp;ssl=1 579w\" sizes=\"auto, (max-width: 170px) 100vw, 170px\" \/><\/a>\n\t\t\t<\/div><\/figure><figure class='gallery-item'>\n\t\t\t<div class='gallery-icon portrait'>\n\t\t\t\t<a href='https:\/\/fredericlouvier.com\/index.php\/mystiques\/stesol-2\/'><img loading=\"lazy\" decoding=\"async\" width=\"169\" height=\"300\" src=\"https:\/\/i0.wp.com\/fredericlouvier.com\/wp-content\/uploads\/2024\/06\/stesol-1.jpg?fit=169%2C300&amp;ssl=1\" class=\"attachment-medium size-medium\" alt=\"\" srcset=\"https:\/\/i0.wp.com\/fredericlouvier.com\/wp-content\/uploads\/2024\/06\/stesol-1.jpg?w=680&amp;ssl=1 680w, https:\/\/i0.wp.com\/fredericlouvier.com\/wp-content\/uploads\/2024\/06\/stesol-1.jpg?resize=169%2C300&amp;ssl=1 169w, https:\/\/i0.wp.com\/fredericlouvier.com\/wp-content\/uploads\/2024\/06\/stesol-1.jpg?resize=575%2C1024&amp;ssl=1 575w\" sizes=\"auto, (max-width: 169px) 100vw, 169px\" \/><\/a>\n\t\t\t<\/div><\/figure><figure class='gallery-item'>\n\t\t\t<div class='gallery-icon portrait'>\n\t\t\t\t<a href='https:\/\/fredericlouvier.com\/index.php\/mystiques\/toutes\/'><img loading=\"lazy\" decoding=\"async\" width=\"169\" height=\"300\" src=\"https:\/\/i0.wp.com\/fredericlouvier.com\/wp-content\/uploads\/2024\/06\/toutes.jpg?fit=169%2C300&amp;ssl=1\" class=\"attachment-medium size-medium\" alt=\"\" srcset=\"https:\/\/i0.wp.com\/fredericlouvier.com\/wp-content\/uploads\/2024\/06\/toutes.jpg?w=680&amp;ssl=1 680w, https:\/\/i0.wp.com\/fredericlouvier.com\/wp-content\/uploads\/2024\/06\/toutes.jpg?resize=169%2C300&amp;ssl=1 169w, https:\/\/i0.wp.com\/fredericlouvier.com\/wp-content\/uploads\/2024\/06\/toutes.jpg?resize=575%2C1024&amp;ssl=1 575w\" sizes=\"auto, (max-width: 169px) 100vw, 169px\" \/><\/a>\n\t\t\t<\/div><\/figure><figure class='gallery-item'>\n\t\t\t<div class='gallery-icon portrait'>\n\t\t\t\t<a href='https:\/\/fredericlouvier.com\/index.php\/mystiques\/caisse\/'><img loading=\"lazy\" decoding=\"async\" width=\"225\" height=\"300\" src=\"https:\/\/i0.wp.com\/fredericlouvier.com\/wp-content\/uploads\/2024\/06\/caisse.jpg?fit=225%2C300&amp;ssl=1\" class=\"attachment-medium size-medium\" alt=\"\" srcset=\"https:\/\/i0.wp.com\/fredericlouvier.com\/wp-content\/uploads\/2024\/06\/caisse.jpg?w=907&amp;ssl=1 907w, https:\/\/i0.wp.com\/fredericlouvier.com\/wp-content\/uploads\/2024\/06\/caisse.jpg?resize=225%2C300&amp;ssl=1 225w, https:\/\/i0.wp.com\/fredericlouvier.com\/wp-content\/uploads\/2024\/06\/caisse.jpg?resize=768%2C1025&amp;ssl=1 768w\" sizes=\"auto, (max-width: 225px) 100vw, 225px\" \/><\/a>\n\t\t\t<\/div><\/figure><figure class='gallery-item'>\n\t\t\t<div class='gallery-icon portrait'>\n\t\t\t\t<a href='https:\/\/fredericlouvier.com\/index.php\/mystiques\/doree\/'><img loading=\"lazy\" decoding=\"async\" width=\"225\" height=\"300\" src=\"https:\/\/i0.wp.com\/fredericlouvier.com\/wp-content\/uploads\/2024\/06\/doree.jpg?fit=225%2C300&amp;ssl=1\" class=\"attachment-medium size-medium\" alt=\"\" srcset=\"https:\/\/i0.wp.com\/fredericlouvier.com\/wp-content\/uploads\/2024\/06\/doree.jpg?w=907&amp;ssl=1 907w, https:\/\/i0.wp.com\/fredericlouvier.com\/wp-content\/uploads\/2024\/06\/doree.jpg?resize=225%2C300&amp;ssl=1 225w, https:\/\/i0.wp.com\/fredericlouvier.com\/wp-content\/uploads\/2024\/06\/doree.jpg?resize=768%2C1025&amp;ssl=1 768w\" sizes=\"auto, (max-width: 225px) 100vw, 225px\" \/><\/a>\n\t\t\t<\/div><\/figure><figure class='gallery-item'>\n\t\t\t<div class='gallery-icon portrait'>\n\t\t\t\t<a href='https:\/\/fredericlouvier.com\/index.php\/mystiques\/guerrisseuse1\/'><img loading=\"lazy\" decoding=\"async\" width=\"225\" height=\"300\" src=\"https:\/\/i0.wp.com\/fredericlouvier.com\/wp-content\/uploads\/2024\/06\/guerrisseuse1.jpg?fit=225%2C300&amp;ssl=1\" class=\"attachment-medium size-medium\" alt=\"\" srcset=\"https:\/\/i0.wp.com\/fredericlouvier.com\/wp-content\/uploads\/2024\/06\/guerrisseuse1.jpg?w=907&amp;ssl=1 907w, https:\/\/i0.wp.com\/fredericlouvier.com\/wp-content\/uploads\/2024\/06\/guerrisseuse1.jpg?resize=225%2C300&amp;ssl=1 225w, https:\/\/i0.wp.com\/fredericlouvier.com\/wp-content\/uploads\/2024\/06\/guerrisseuse1.jpg?resize=768%2C1025&amp;ssl=1 768w\" sizes=\"auto, (max-width: 225px) 100vw, 225px\" \/><\/a>\n\t\t\t<\/div><\/figure><figure class='gallery-item'>\n\t\t\t<div class='gallery-icon portrait'>\n\t\t\t\t<a href='https:\/\/fredericlouvier.com\/index.php\/mystiques\/guerrisseuse-2\/'><img loading=\"lazy\" decoding=\"async\" width=\"225\" height=\"300\" src=\"https:\/\/i0.wp.com\/fredericlouvier.com\/wp-content\/uploads\/2024\/06\/guerrisseuse-2.jpg?fit=225%2C300&amp;ssl=1\" class=\"attachment-medium size-medium\" alt=\"\" srcset=\"https:\/\/i0.wp.com\/fredericlouvier.com\/wp-content\/uploads\/2024\/06\/guerrisseuse-2.jpg?w=907&amp;ssl=1 907w, https:\/\/i0.wp.com\/fredericlouvier.com\/wp-content\/uploads\/2024\/06\/guerrisseuse-2.jpg?resize=225%2C300&amp;ssl=1 225w, https:\/\/i0.wp.com\/fredericlouvier.com\/wp-content\/uploads\/2024\/06\/guerrisseuse-2.jpg?resize=768%2C1025&amp;ssl=1 768w\" sizes=\"auto, (max-width: 225px) 100vw, 225px\" \/><\/a>\n\t\t\t<\/div><\/figure><figure class='gallery-item'>\n\t\t\t<div class='gallery-icon portrait'>\n\t\t\t\t<a href='https:\/\/fredericlouvier.com\/index.php\/mystiques\/stesol2\/'><img loading=\"lazy\" decoding=\"async\" width=\"169\" height=\"300\" src=\"https:\/\/i0.wp.com\/fredericlouvier.com\/wp-content\/uploads\/2024\/06\/stesol2.jpg?fit=169%2C300&amp;ssl=1\" class=\"attachment-medium size-medium\" alt=\"\" srcset=\"https:\/\/i0.wp.com\/fredericlouvier.com\/wp-content\/uploads\/2024\/06\/stesol2.jpg?w=680&amp;ssl=1 680w, https:\/\/i0.wp.com\/fredericlouvier.com\/wp-content\/uploads\/2024\/06\/stesol2.jpg?resize=169%2C300&amp;ssl=1 169w, https:\/\/i0.wp.com\/fredericlouvier.com\/wp-content\/uploads\/2024\/06\/stesol2.jpg?resize=575%2C1024&amp;ssl=1 575w\" sizes=\"auto, (max-width: 169px) 100vw, 169px\" \/><\/a>\n\t\t\t<\/div><\/figure><figure class='gallery-item'>\n\t\t\t<div class='gallery-icon portrait'>\n\t\t\t\t<a href='https:\/\/fredericlouvier.com\/index.php\/mystiques\/attachment\/11\/'><img loading=\"lazy\" decoding=\"async\" width=\"181\" height=\"300\" src=\"https:\/\/i0.wp.com\/fredericlouvier.com\/wp-content\/uploads\/2024\/06\/11.jpg?fit=181%2C300&amp;ssl=1\" class=\"attachment-medium size-medium\" alt=\"\" srcset=\"https:\/\/i0.wp.com\/fredericlouvier.com\/wp-content\/uploads\/2024\/06\/11.jpg?w=482&amp;ssl=1 482w, https:\/\/i0.wp.com\/fredericlouvier.com\/wp-content\/uploads\/2024\/06\/11.jpg?resize=181%2C300&amp;ssl=1 181w\" sizes=\"auto, (max-width: 181px) 100vw, 181px\" \/><\/a>\n\t\t\t<\/div><\/figure>\n\t\t<\/div>\n\n","protected":false},"excerpt":{"rendered":"<p>Les Mystiques Cliquez sur les images pour les agrandir ! Cette s\u00e9rie, d\u00e9but\u00e9e en 2024, repr\u00e9sente des personnages en pied, entre 80 et 95 cm&hellip;<\/p>\n","protected":false},"author":1,"featured_media":0,"parent":0,"menu_order":0,"comment_status":"closed","ping_status":"closed","template":"","meta":{"footnotes":""},"class_list":["post-677","page","type-page","status-publish","hentry"],"yoast_head":"<!-- This site is optimized with the Yoast SEO plugin v25.9 - https:\/\/yoast.com\/wordpress\/plugins\/seo\/ -->\n<title>Mystiques - Fr\u00e9d\u00e9ric Louvier<\/title>\n<meta name=\"robots\" content=\"index, follow, max-snippet:-1, max-image-preview:large, max-video-preview:-1\" \/>\n<link rel=\"canonical\" href=\"https:\/\/fredericlouvier.com\/index.php\/mystiques\/\" \/>\n<meta property=\"og:locale\" content=\"fr_FR\" \/>\n<meta property=\"og:type\" content=\"article\" \/>\n<meta property=\"og:title\" content=\"Mystiques - Fr\u00e9d\u00e9ric Louvier\" \/>\n<meta property=\"og:description\" content=\"Les Mystiques Cliquez sur les images pour les agrandir ! Cette s\u00e9rie, d\u00e9but\u00e9e en 2024, repr\u00e9sente des personnages en pied, entre 80 et 95 cm&hellip;\" \/>\n<meta property=\"og:url\" content=\"https:\/\/fredericlouvier.com\/index.php\/mystiques\/\" \/>\n<meta property=\"og:site_name\" content=\"Fr\u00e9d\u00e9ric Louvier\" \/>\n<meta property=\"article:publisher\" content=\"https:\/\/www.facebook.com\/FredCeram-2163652993681523\" \/>\n<meta property=\"article:modified_time\" content=\"2024-12-03T13:54:18+00:00\" \/>\n<meta property=\"og:image\" content=\"https:\/\/i0.wp.com\/fredericlouvier.com\/wp-content\/uploads\/2024\/12\/deesse-aux-fleurs.jpg?fit=225%2C300&amp;ssl=1\" \/>\n<meta name=\"twitter:card\" content=\"summary_large_image\" \/>\n<meta name=\"twitter:label1\" content=\"Dur\u00e9e de lecture estim\u00e9e\" \/>\n\t<meta name=\"twitter:data1\" content=\"1 minute\" \/>\n<script type=\"application\/ld+json\" class=\"yoast-schema-graph\">{\"@context\":\"https:\/\/schema.org\",\"@graph\":[{\"@type\":\"WebPage\",\"@id\":\"https:\/\/fredericlouvier.com\/index.php\/mystiques\/\",\"url\":\"https:\/\/fredericlouvier.com\/index.php\/mystiques\/\",\"name\":\"Mystiques - Fr\u00e9d\u00e9ric Louvier\",\"isPartOf\":{\"@id\":\"https:\/\/fredericlouvier.com\/#website\"},\"datePublished\":\"2024-06-05T19:55:49+00:00\",\"dateModified\":\"2024-12-03T13:54:18+00:00\",\"breadcrumb\":{\"@id\":\"https:\/\/fredericlouvier.com\/index.php\/mystiques\/#breadcrumb\"},\"inLanguage\":\"fr-FR\",\"potentialAction\":[{\"@type\":\"ReadAction\",\"target\":[\"https:\/\/fredericlouvier.com\/index.php\/mystiques\/\"]}]},{\"@type\":\"BreadcrumbList\",\"@id\":\"https:\/\/fredericlouvier.com\/index.php\/mystiques\/#breadcrumb\",\"itemListElement\":[{\"@type\":\"ListItem\",\"position\":1,\"name\":\"Accueil\",\"item\":\"https:\/\/fredericlouvier.com\/\"},{\"@type\":\"ListItem\",\"position\":2,\"name\":\"Mystiques\"}]},{\"@type\":\"WebSite\",\"@id\":\"https:\/\/fredericlouvier.com\/#website\",\"url\":\"https:\/\/fredericlouvier.com\/\",\"name\":\"Fr\u00e9d\u00e9ric Louvier\",\"description\":\"Sculpteur c\u00e9ramiste peintre Bretagne\",\"publisher\":{\"@id\":\"https:\/\/fredericlouvier.com\/#\/schema\/person\/850d4ea321d8e8771ff0b80afc2a1436\"},\"potentialAction\":[{\"@type\":\"SearchAction\",\"target\":{\"@type\":\"EntryPoint\",\"urlTemplate\":\"https:\/\/fredericlouvier.com\/?s={search_term_string}\"},\"query-input\":{\"@type\":\"PropertyValueSpecification\",\"valueRequired\":true,\"valueName\":\"search_term_string\"}}],\"inLanguage\":\"fr-FR\"},{\"@type\":[\"Person\",\"Organization\"],\"@id\":\"https:\/\/fredericlouvier.com\/#\/schema\/person\/850d4ea321d8e8771ff0b80afc2a1436\",\"name\":\"admin3311\",\"image\":{\"@type\":\"ImageObject\",\"inLanguage\":\"fr-FR\",\"@id\":\"https:\/\/fredericlouvier.com\/#\/schema\/person\/image\/\",\"url\":\"https:\/\/secure.gravatar.com\/avatar\/a437c17efbe56bfb68f9caf8f705acd539dde2921994b37f199ec84a9702abdf?s=96&d=mm&r=g\",\"contentUrl\":\"https:\/\/secure.gravatar.com\/avatar\/a437c17efbe56bfb68f9caf8f705acd539dde2921994b37f199ec84a9702abdf?s=96&d=mm&r=g\",\"caption\":\"admin3311\"},\"logo\":{\"@id\":\"https:\/\/fredericlouvier.com\/#\/schema\/person\/image\/\"},\"sameAs\":[\"https:\/\/www.facebook.com\/FredCeram-2163652993681523\",\"https:\/\/www.instagram.com\/louvier.frederic\/?hl=fr\",\"https:\/\/www.pinterest.fr\/louvierfrederic\/_created\/\"]}]}<\/script>\n<!-- \/ Yoast SEO plugin. -->","yoast_head_json":{"title":"Mystiques - Fr\u00e9d\u00e9ric Louvier","robots":{"index":"index","follow":"follow","max-snippet":"max-snippet:-1","max-image-preview":"max-image-preview:large","max-video-preview":"max-video-preview:-1"},"canonical":"https:\/\/fredericlouvier.com\/index.php\/mystiques\/","og_locale":"fr_FR","og_type":"article","og_title":"Mystiques - Fr\u00e9d\u00e9ric Louvier","og_description":"Les Mystiques Cliquez sur les images pour les agrandir ! Cette s\u00e9rie, d\u00e9but\u00e9e en 2024, repr\u00e9sente des personnages en pied, entre 80 et 95 cm&hellip;","og_url":"https:\/\/fredericlouvier.com\/index.php\/mystiques\/","og_site_name":"Fr\u00e9d\u00e9ric Louvier","article_publisher":"https:\/\/www.facebook.com\/FredCeram-2163652993681523","article_modified_time":"2024-12-03T13:54:18+00:00","og_image":[{"url":"https:\/\/i0.wp.com\/fredericlouvier.com\/wp-content\/uploads\/2024\/12\/deesse-aux-fleurs.jpg?fit=225%2C300&amp;ssl=1","type":"","width":"","height":""}],"twitter_card":"summary_large_image","twitter_misc":{"Dur\u00e9e de lecture estim\u00e9e":"1 minute"},"schema":{"@context":"https:\/\/schema.org","@graph":[{"@type":"WebPage","@id":"https:\/\/fredericlouvier.com\/index.php\/mystiques\/","url":"https:\/\/fredericlouvier.com\/index.php\/mystiques\/","name":"Mystiques - Fr\u00e9d\u00e9ric Louvier","isPartOf":{"@id":"https:\/\/fredericlouvier.com\/#website"},"datePublished":"2024-06-05T19:55:49+00:00","dateModified":"2024-12-03T13:54:18+00:00","breadcrumb":{"@id":"https:\/\/fredericlouvier.com\/index.php\/mystiques\/#breadcrumb"},"inLanguage":"fr-FR","potentialAction":[{"@type":"ReadAction","target":["https:\/\/fredericlouvier.com\/index.php\/mystiques\/"]}]},{"@type":"BreadcrumbList","@id":"https:\/\/fredericlouvier.com\/index.php\/mystiques\/#breadcrumb","itemListElement":[{"@type":"ListItem","position":1,"name":"Accueil","item":"https:\/\/fredericlouvier.com\/"},{"@type":"ListItem","position":2,"name":"Mystiques"}]},{"@type":"WebSite","@id":"https:\/\/fredericlouvier.com\/#website","url":"https:\/\/fredericlouvier.com\/","name":"Fr\u00e9d\u00e9ric Louvier","description":"Sculpteur c\u00e9ramiste peintre Bretagne","publisher":{"@id":"https:\/\/fredericlouvier.com\/#\/schema\/person\/850d4ea321d8e8771ff0b80afc2a1436"},"potentialAction":[{"@type":"SearchAction","target":{"@type":"EntryPoint","urlTemplate":"https:\/\/fredericlouvier.com\/?s={search_term_string}"},"query-input":{"@type":"PropertyValueSpecification","valueRequired":true,"valueName":"search_term_string"}}],"inLanguage":"fr-FR"},{"@type":["Person","Organization"],"@id":"https:\/\/fredericlouvier.com\/#\/schema\/person\/850d4ea321d8e8771ff0b80afc2a1436","name":"admin3311","image":{"@type":"ImageObject","inLanguage":"fr-FR","@id":"https:\/\/fredericlouvier.com\/#\/schema\/person\/image\/","url":"https:\/\/secure.gravatar.com\/avatar\/a437c17efbe56bfb68f9caf8f705acd539dde2921994b37f199ec84a9702abdf?s=96&d=mm&r=g","contentUrl":"https:\/\/secure.gravatar.com\/avatar\/a437c17efbe56bfb68f9caf8f705acd539dde2921994b37f199ec84a9702abdf?s=96&d=mm&r=g","caption":"admin3311"},"logo":{"@id":"https:\/\/fredericlouvier.com\/#\/schema\/person\/image\/"},"sameAs":["https:\/\/www.facebook.com\/FredCeram-2163652993681523","https:\/\/www.instagram.com\/louvier.frederic\/?hl=fr","https:\/\/www.pinterest.fr\/louvierfrederic\/_created\/"]}]}},"jetpack_sharing_enabled":true,"_links":{"self":[{"href":"https:\/\/fredericlouvier.com\/index.php\/wp-json\/wp\/v2\/pages\/677","targetHints":{"allow":["GET"]}}],"collection":[{"href":"https:\/\/fredericlouvier.com\/index.php\/wp-json\/wp\/v2\/pages"}],"about":[{"href":"https:\/\/fredericlouvier.com\/index.php\/wp-json\/wp\/v2\/types\/page"}],"author":[{"embeddable":true,"href":"https:\/\/fredericlouvier.com\/index.php\/wp-json\/wp\/v2\/users\/1"}],"replies":[{"embeddable":true,"href":"https:\/\/fredericlouvier.com\/index.php\/wp-json\/wp\/v2\/comments?post=677"}],"version-history":[{"count":0,"href":"https:\/\/fredericlouvier.com\/index.php\/wp-json\/wp\/v2\/pages\/677\/revisions"}],"wp:attachment":[{"href":"https:\/\/fredericlouvier.com\/index.php\/wp-json\/wp\/v2\/media?parent=677"}],"curies":[{"name":"wp","href":"https:\/\/api.w.org\/{rel}","templated":true}]}}