{"id":37,"date":"2019-02-11T22:01:26","date_gmt":"2019-02-11T21:01:26","guid":{"rendered":"http:\/\/fredericlouvier.com\/?page_id=37"},"modified":"2022-04-15T19:41:01","modified_gmt":"2022-04-15T17:41:01","slug":"a-propos-de","status":"publish","type":"page","link":"https:\/\/fredericlouvier.com\/index.php\/a-propos-de\/","title":{"rendered":"\u00c0 propos de"},"content":{"rendered":"<h4>Ce po\u00e8me de mon ami <a href=\"http:\/\/l-illusion-du-handicap.com\/\">Jean Pierre Brouillaud<\/a>, illustre en quelques mots tout ce que je pourrais dire&#8230;.<\/h4>\n<h4 align=\"center\"><em><span style=\"color: #000000;\"><span style=\"font-family: Georgia, serif;\"><span style=\"font-size: medium;\"><b>La naissance de la Po\u00e9sie<\/b><\/span><\/span><\/span><\/em><\/h4>\n<h4 align=\"center\"><em><span style=\"color: #000000;\"><span style=\"font-family: Georgia, serif;\"><span style=\"font-size: medium;\"><b>En arri\u00e8re plan quelque chose veut se dire,<\/b><\/span><\/span><\/span><\/em><\/h4>\n<h4 align=\"center\"><em><span style=\"color: #000000;\"><span style=\"font-family: Georgia, serif;\"><span style=\"font-size: medium;\"><b>\u00e7a crie, \u00e7a fr\u00e9mit, \u00e7a emp\u00eache de dormir,<\/b><\/span><\/span><\/span><\/em><\/h4>\n<h4 align=\"center\"><em><span style=\"color: #000000;\"><span style=\"font-family: Georgia, serif;\"><span style=\"font-size: medium;\"><b>Si j&rsquo;essaie de le capturer avec l&rsquo;app\u00e2t des mots,<\/b><\/span><\/span><\/span><\/em><\/h4>\n<h4 align=\"center\"><em><span style=\"color: #000000;\"><span style=\"font-family: Georgia, serif;\"><span style=\"font-size: medium;\"><b>\u00e7a semble s&rsquo;\u00e9loigner, \u00e7a me tourne le dos.<\/b><\/span><\/span><\/span><\/em><\/h4>\n<h4 align=\"center\"><em><span style=\"color: #000000;\"><span style=\"font-family: Georgia, serif;\"><span style=\"font-size: medium;\"><b>Toutes sortes d&rsquo;\u00e9motions m&rsquo;\u00e9noncent que je ne suis pas \u00e0 jour,<\/b><\/span><\/span><\/span><\/em><\/h4>\n<h4 align=\"center\"><em><span style=\"color: #000000;\"><span style=\"font-family: Georgia, serif;\"><span style=\"font-size: medium;\"><b>\u00a0\u00bb Laisse toi faire, laisse entrer l&rsquo;inconnu \u00ab\u00a0,<\/b><\/span><\/span><\/span><\/em><\/h4>\n<h4 align=\"center\"><span style=\"color: #000000;\"><span style=\"font-family: Georgia, serif;\"><span style=\"font-size: medium;\"><i><b>\u00e7a frappe \u00e0 la porte. J&rsquo;ouvre. Qui es-tu ?<\/b><\/i><\/span><\/span><\/span><\/h4>\n<h4 align=\"center\"><span style=\"color: #000000;\"><span style=\"font-family: Georgia, serif;\"><span style=\"font-size: medium;\"><i><b>J&rsquo;ai encore rat\u00e9 ce rendez-vous d&rsquo;amour.<\/b><\/i><\/span><\/span><\/span><\/h4>\n<h4 align=\"center\"><span style=\"color: #000000;\">\u00a0<\/span><\/h4>\n<h4 align=\"center\"><span style=\"color: #000000;\"><span style=\"font-family: Georgia, serif;\"><span style=\"font-size: medium;\"><i><b>Ce qui veut descendre, appara\u00eetre,<\/b><\/i><\/span><\/span><\/span><\/h4>\n<h4 align=\"center\"><span style=\"color: #000000;\"><span style=\"font-family: Georgia, serif;\"><span style=\"font-size: medium;\"><i><b>Ne\u00a0demande aucun effort, si ce n&rsquo;est\u00a0se\u00a0laisser \u00eatre,<\/b><\/i><\/span><\/span><\/span><\/h4>\n<h4 align=\"center\"><span style=\"color: #000000;\"><span style=\"font-family: Georgia, serif;\"><span style=\"font-size: medium;\"><i><b>Seule l&rsquo;eau transparente de l&rsquo;attention<\/b><\/i><\/span><\/span><\/span><\/h4>\n<h4 align=\"center\"><span style=\"color: #000000;\"><span style=\"font-family: Georgia, serif;\"><span style=\"font-size: medium;\"><i><b>Peut r\u00e9v\u00e9ler ce que\u00a0\u00a0l&rsquo;on appelle l&rsquo;inspiration.<\/b><\/i><\/span><\/span><\/span><\/h4>\n<h4 align=\"center\"><span style=\"color: #000000;\"><span style=\"font-family: Georgia, serif;\"><span style=\"font-size: medium;\"><i><b>La po\u00e9sie c&rsquo;est comme une grossesse,<\/b><\/i><\/span><\/span><\/span><\/h4>\n<h4 align=\"center\"><span style=\"color: #000000;\"><span style=\"font-family: Georgia, serif;\"><span style=\"font-size: medium;\"><i><b>Le g\u00e9niteur n&rsquo;a pas de visage,\u00a0<\/b><\/i><\/span><\/span><\/span><\/h4>\n<h4 align=\"center\"><span style=\"color: #000000;\"><span style=\"font-family: Georgia, serif;\"><span style=\"font-size: medium;\"><i><b>Osons, sans filtre, laisser entrer impressions puis mots dans notre cage,<\/b><\/i><\/span><\/span><\/span><\/h4>\n<h4 align=\"center\"><span style=\"color: #000000;\"><span style=\"font-family: Georgia, serif;\"><span style=\"font-size: medium;\"><i><b>Ils finiront par \u00e9clore, transport\u00e9s par la seule all\u00e9gresse.<\/b><\/i><\/span><\/span><\/span><\/h4>\n<p>&nbsp;<\/p>\n<p>Une interview de pr\u00e9sentation de mon travail, par Jean Pierre Brouillaud !<\/p>\n<div class=\"jetpack-video-wrapper\"><iframe loading=\"lazy\" title=\"&quot;LE TEMPS D&#039;UNE BIERE&quot; #27 avec Fred Louvier, Instituteur \/ Sculpteur - Le Temps d&#039;une Bi\u00e8re, Ep27\" width=\"870\" height=\"489\" src=\"https:\/\/www.youtube.com\/embed\/51fUCEal-0g?feature=oembed\" frameborder=\"0\" allow=\"accelerometer; autoplay; clipboard-write; encrypted-media; gyroscope; picture-in-picture\" allowfullscreen><\/iframe><\/div>\n<h4 class=\"font_8\" style=\"text-align: left;\"><strong>Parcours,<\/strong><\/h4>\n<h4 class=\"font_8\" style=\"text-align: left;\">\u00a0\u00a0\u00a0\u00a0\u00a0 Apr\u00e8s un s\u00e9jour \u00e0<strong> l\u2019\u00e9cole des Beaux Arts de Lyon<\/strong>, j&rsquo;ai fait des \u00e9tudes d\u2019histoire de l\u2019art dans la capitale des Gaules. Durant cette p\u00e9riode, la peinture \u00e9tait mon moyen d\u2019expression exclusif avec une quinzaine d&rsquo;expo en peu de temps.<\/h4>\n<p>&nbsp;<\/p>\n<h4><strong>La Peinture,<\/strong><\/h4>\n<h4 class=\"font_8\" style=\"text-align: left;\"><strong>D&rsquo;abord, ce fut une peinture figurative, <\/strong>tendance surr\u00e9aliste, essentiellement des <strong>personnages<\/strong>&#8230; Puis les figures ont subi des d\u00e9formations tout en restant r\u00e9alistes. Ensuite un glissement s\u2019est op\u00e9r\u00e9 vers l\u2019<strong>abstraction<\/strong>, d\u2019abord en \u00ab \u00e9clatant \u00bb les personnages, puis en les faisant compl\u00e8tement dispara\u00eetre.<\/h4>\n<h4><\/h4>\n<h4><strong>D\u00e9couverte de la c\u00e9ramique,<\/strong><\/h4>\n<h4 class=\"font_8\" style=\"text-align: left;\">Tr\u00e8s vite, j\u2019ai eu le sentiment de parcourir, d<strong>\u2019exp\u00e9rimenter<\/strong> plusieurs p\u00e9riodes de l<strong>\u2019histoire de l\u2019art<\/strong> en quelques ann\u00e9es. Puis j&rsquo;ai d\u00e9couvert la <strong>c\u00e9ramique<\/strong> et tr\u00e8s vite, la n\u00e9cessit\u00e9 de r\u00e9aliser des sculptures s\u2019est impos\u00e9e. Des<strong> s\u00e9ries<\/strong> de t\u00eates, de pots, de poissons, de bouddhas&#8230; ont vu le jour. <span class=\"wixGuard\">\u200b <\/span><\/h4>\n<p>&nbsp;<\/p>\n<h4><strong>Les s\u00e9ries,<\/strong><\/h4>\n<h4 class=\"font_8\" style=\"text-align: left;\">La toute premi\u00e8re s\u00e9rie est celle des \u00ab<a href=\"https:\/\/fredericlouvier.com\/index.php\/gallery\/tetes-dessinees\/\"> t\u00eates dessin\u00e9es<\/a> \u00bb, il s&rsquo;agit de t\u00eates \u00e9chelle un, con\u00e7ues \u00e0 partir d&rsquo;une terre locale engob\u00e9es. Apr\u00e8s une premi\u00e8re cuisson, un dessin est fait \u00e0 l&rsquo;aide d&rsquo;un crayon \u00e9mail, puis 2 ou m\u00eame jusqu\u2019\u00e0 5 cuissons sont n\u00e9cessaires avant satisfaction&#8230; <span class=\"wixGuard\">\u200b<\/span>La t\u00eate est le support, comme le sont les toiles ou les feuilles de papier. Le <a href=\"https:\/\/fredericlouvier.com\/index.php\/gallery\/tetes-dessinees\/\">visage est m\u00e9ditatif<\/a>, surface paisible. Alors ce qui se cache dans la profondeur peut remonter, la peau d\u2019\u00e9mail, lieu d\u2019\u00e9change entre l\u2019int\u00e9rieur et l\u2019ext\u00e9rieur, laisse \u00e0 la vue ce qui ne peut \u00eatre dit. Des dessins, des \u00e9critures \u00e0 peine lisibles, des traits&#8230; cela s\u2019exprime, cela s\u2019imprime&#8230;\u00a0 L\u2019essentiel est ce que chacun peut ressentir intimement, ind\u00e9pendamment des pr\u00e9jug\u00e9s qui surgiront malgr\u00e9 nous. Qu\u2019est-ce que cela \u00e9veille en nous ? sensations, \u00e9motions, attraction, r\u00e9pulsion&#8230; Tout cela est\u00a0 de l\u2019\u00e9nergie&#8230;\u200b<\/h4>\n<h4>Les s\u00e9ries suivantes gardent le visage m\u00e9ditatif, qui reste pour moi ce myst\u00e8re qui est cach\u00e9 au le c\u0153ur de l&rsquo;\u00eatre humain.<\/h4>\n<h4 class=\"font_8\" style=\"text-align: left;\">Bonne visite&#8230;<\/h4>\n<h4 class=\"font_8\" style=\"text-align: left;\"><span class=\"wixGuard\">\u200b<\/span><\/h4>\n","protected":false},"excerpt":{"rendered":"<p>Ce po\u00e8me de mon ami Jean Pierre Brouillaud, illustre en quelques mots tout ce que je pourrais dire&#8230;. La naissance de la Po\u00e9sie En arri\u00e8re&hellip;<\/p>\n","protected":false},"author":1,"featured_media":87,"parent":0,"menu_order":0,"comment_status":"closed","ping_status":"closed","template":"","meta":{"footnotes":""},"class_list":["post-37","page","type-page","status-publish","has-post-thumbnail","hentry"],"yoast_head":"<!-- This site is optimized with the Yoast SEO plugin v25.9 - https:\/\/yoast.com\/wordpress\/plugins\/seo\/ -->\n<title>\u00c0 propos de - Fr\u00e9d\u00e9ric Louvier<\/title>\n<meta name=\"robots\" content=\"index, follow, max-snippet:-1, max-image-preview:large, max-video-preview:-1\" \/>\n<link rel=\"canonical\" href=\"https:\/\/fredericlouvier.com\/index.php\/a-propos-de\/\" \/>\n<meta property=\"og:locale\" content=\"fr_FR\" \/>\n<meta property=\"og:type\" content=\"article\" \/>\n<meta property=\"og:title\" content=\"\u00c0 propos de - Fr\u00e9d\u00e9ric Louvier\" \/>\n<meta property=\"og:description\" content=\"Ce po\u00e8me de mon ami Jean Pierre Brouillaud, illustre en quelques mots tout ce que je pourrais dire&#8230;. La naissance de la Po\u00e9sie En arri\u00e8re&hellip;\" \/>\n<meta property=\"og:url\" content=\"https:\/\/fredericlouvier.com\/index.php\/a-propos-de\/\" \/>\n<meta property=\"og:site_name\" content=\"Fr\u00e9d\u00e9ric Louvier\" \/>\n<meta property=\"article:publisher\" content=\"https:\/\/www.facebook.com\/FredCeram-2163652993681523\" \/>\n<meta property=\"article:modified_time\" content=\"2022-04-15T17:41:01+00:00\" \/>\n<meta property=\"og:image\" content=\"https:\/\/i0.wp.com\/fredericlouvier.com\/wp-content\/uploads\/2019\/07\/61401034_644599305953410_3628246556135653376_n.jpg?fit=2048%2C1365&ssl=1\" \/>\n\t<meta property=\"og:image:width\" content=\"2048\" \/>\n\t<meta property=\"og:image:height\" content=\"1365\" \/>\n\t<meta property=\"og:image:type\" content=\"image\/jpeg\" \/>\n<meta name=\"twitter:card\" content=\"summary_large_image\" \/>\n<meta name=\"twitter:label1\" content=\"Dur\u00e9e de lecture estim\u00e9e\" \/>\n\t<meta name=\"twitter:data1\" content=\"3 minutes\" \/>\n<script type=\"application\/ld+json\" class=\"yoast-schema-graph\">{\"@context\":\"https:\/\/schema.org\",\"@graph\":[{\"@type\":\"WebPage\",\"@id\":\"https:\/\/fredericlouvier.com\/index.php\/a-propos-de\/\",\"url\":\"https:\/\/fredericlouvier.com\/index.php\/a-propos-de\/\",\"name\":\"\u00c0 propos de - Fr\u00e9d\u00e9ric Louvier\",\"isPartOf\":{\"@id\":\"https:\/\/fredericlouvier.com\/#website\"},\"primaryImageOfPage\":{\"@id\":\"https:\/\/fredericlouvier.com\/index.php\/a-propos-de\/#primaryimage\"},\"image\":{\"@id\":\"https:\/\/fredericlouvier.com\/index.php\/a-propos-de\/#primaryimage\"},\"thumbnailUrl\":\"https:\/\/i0.wp.com\/fredericlouvier.com\/wp-content\/uploads\/2019\/07\/61401034_644599305953410_3628246556135653376_n.jpg?fit=2048%2C1365&ssl=1\",\"datePublished\":\"2019-02-11T21:01:26+00:00\",\"dateModified\":\"2022-04-15T17:41:01+00:00\",\"breadcrumb\":{\"@id\":\"https:\/\/fredericlouvier.com\/index.php\/a-propos-de\/#breadcrumb\"},\"inLanguage\":\"fr-FR\",\"potentialAction\":[{\"@type\":\"ReadAction\",\"target\":[\"https:\/\/fredericlouvier.com\/index.php\/a-propos-de\/\"]}]},{\"@type\":\"ImageObject\",\"inLanguage\":\"fr-FR\",\"@id\":\"https:\/\/fredericlouvier.com\/index.php\/a-propos-de\/#primaryimage\",\"url\":\"https:\/\/i0.wp.com\/fredericlouvier.com\/wp-content\/uploads\/2019\/07\/61401034_644599305953410_3628246556135653376_n.jpg?fit=2048%2C1365&ssl=1\",\"contentUrl\":\"https:\/\/i0.wp.com\/fredericlouvier.com\/wp-content\/uploads\/2019\/07\/61401034_644599305953410_3628246556135653376_n.jpg?fit=2048%2C1365&ssl=1\",\"width\":2048,\"height\":1365},{\"@type\":\"BreadcrumbList\",\"@id\":\"https:\/\/fredericlouvier.com\/index.php\/a-propos-de\/#breadcrumb\",\"itemListElement\":[{\"@type\":\"ListItem\",\"position\":1,\"name\":\"Accueil\",\"item\":\"https:\/\/fredericlouvier.com\/\"},{\"@type\":\"ListItem\",\"position\":2,\"name\":\"\u00c0 propos de\"}]},{\"@type\":\"WebSite\",\"@id\":\"https:\/\/fredericlouvier.com\/#website\",\"url\":\"https:\/\/fredericlouvier.com\/\",\"name\":\"Fr\u00e9d\u00e9ric Louvier\",\"description\":\"Sculpteur c\u00e9ramiste peintre Bretagne\",\"publisher\":{\"@id\":\"https:\/\/fredericlouvier.com\/#\/schema\/person\/850d4ea321d8e8771ff0b80afc2a1436\"},\"potentialAction\":[{\"@type\":\"SearchAction\",\"target\":{\"@type\":\"EntryPoint\",\"urlTemplate\":\"https:\/\/fredericlouvier.com\/?s={search_term_string}\"},\"query-input\":{\"@type\":\"PropertyValueSpecification\",\"valueRequired\":true,\"valueName\":\"search_term_string\"}}],\"inLanguage\":\"fr-FR\"},{\"@type\":[\"Person\",\"Organization\"],\"@id\":\"https:\/\/fredericlouvier.com\/#\/schema\/person\/850d4ea321d8e8771ff0b80afc2a1436\",\"name\":\"admin3311\",\"image\":{\"@type\":\"ImageObject\",\"inLanguage\":\"fr-FR\",\"@id\":\"https:\/\/fredericlouvier.com\/#\/schema\/person\/image\/\",\"url\":\"https:\/\/secure.gravatar.com\/avatar\/a437c17efbe56bfb68f9caf8f705acd539dde2921994b37f199ec84a9702abdf?s=96&d=mm&r=g\",\"contentUrl\":\"https:\/\/secure.gravatar.com\/avatar\/a437c17efbe56bfb68f9caf8f705acd539dde2921994b37f199ec84a9702abdf?s=96&d=mm&r=g\",\"caption\":\"admin3311\"},\"logo\":{\"@id\":\"https:\/\/fredericlouvier.com\/#\/schema\/person\/image\/\"},\"sameAs\":[\"https:\/\/www.facebook.com\/FredCeram-2163652993681523\",\"https:\/\/www.instagram.com\/louvier.frederic\/?hl=fr\",\"https:\/\/www.pinterest.fr\/louvierfrederic\/_created\/\"]}]}<\/script>\n<!-- \/ Yoast SEO plugin. -->","yoast_head_json":{"title":"\u00c0 propos de - Fr\u00e9d\u00e9ric Louvier","robots":{"index":"index","follow":"follow","max-snippet":"max-snippet:-1","max-image-preview":"max-image-preview:large","max-video-preview":"max-video-preview:-1"},"canonical":"https:\/\/fredericlouvier.com\/index.php\/a-propos-de\/","og_locale":"fr_FR","og_type":"article","og_title":"\u00c0 propos de - Fr\u00e9d\u00e9ric Louvier","og_description":"Ce po\u00e8me de mon ami Jean Pierre Brouillaud, illustre en quelques mots tout ce que je pourrais dire&#8230;. La naissance de la Po\u00e9sie En arri\u00e8re&hellip;","og_url":"https:\/\/fredericlouvier.com\/index.php\/a-propos-de\/","og_site_name":"Fr\u00e9d\u00e9ric Louvier","article_publisher":"https:\/\/www.facebook.com\/FredCeram-2163652993681523","article_modified_time":"2022-04-15T17:41:01+00:00","og_image":[{"width":2048,"height":1365,"url":"https:\/\/i0.wp.com\/fredericlouvier.com\/wp-content\/uploads\/2019\/07\/61401034_644599305953410_3628246556135653376_n.jpg?fit=2048%2C1365&ssl=1","type":"image\/jpeg"}],"twitter_card":"summary_large_image","twitter_misc":{"Dur\u00e9e de lecture estim\u00e9e":"3 minutes"},"schema":{"@context":"https:\/\/schema.org","@graph":[{"@type":"WebPage","@id":"https:\/\/fredericlouvier.com\/index.php\/a-propos-de\/","url":"https:\/\/fredericlouvier.com\/index.php\/a-propos-de\/","name":"\u00c0 propos de - Fr\u00e9d\u00e9ric Louvier","isPartOf":{"@id":"https:\/\/fredericlouvier.com\/#website"},"primaryImageOfPage":{"@id":"https:\/\/fredericlouvier.com\/index.php\/a-propos-de\/#primaryimage"},"image":{"@id":"https:\/\/fredericlouvier.com\/index.php\/a-propos-de\/#primaryimage"},"thumbnailUrl":"https:\/\/i0.wp.com\/fredericlouvier.com\/wp-content\/uploads\/2019\/07\/61401034_644599305953410_3628246556135653376_n.jpg?fit=2048%2C1365&ssl=1","datePublished":"2019-02-11T21:01:26+00:00","dateModified":"2022-04-15T17:41:01+00:00","breadcrumb":{"@id":"https:\/\/fredericlouvier.com\/index.php\/a-propos-de\/#breadcrumb"},"inLanguage":"fr-FR","potentialAction":[{"@type":"ReadAction","target":["https:\/\/fredericlouvier.com\/index.php\/a-propos-de\/"]}]},{"@type":"ImageObject","inLanguage":"fr-FR","@id":"https:\/\/fredericlouvier.com\/index.php\/a-propos-de\/#primaryimage","url":"https:\/\/i0.wp.com\/fredericlouvier.com\/wp-content\/uploads\/2019\/07\/61401034_644599305953410_3628246556135653376_n.jpg?fit=2048%2C1365&ssl=1","contentUrl":"https:\/\/i0.wp.com\/fredericlouvier.com\/wp-content\/uploads\/2019\/07\/61401034_644599305953410_3628246556135653376_n.jpg?fit=2048%2C1365&ssl=1","width":2048,"height":1365},{"@type":"BreadcrumbList","@id":"https:\/\/fredericlouvier.com\/index.php\/a-propos-de\/#breadcrumb","itemListElement":[{"@type":"ListItem","position":1,"name":"Accueil","item":"https:\/\/fredericlouvier.com\/"},{"@type":"ListItem","position":2,"name":"\u00c0 propos de"}]},{"@type":"WebSite","@id":"https:\/\/fredericlouvier.com\/#website","url":"https:\/\/fredericlouvier.com\/","name":"Fr\u00e9d\u00e9ric Louvier","description":"Sculpteur c\u00e9ramiste peintre Bretagne","publisher":{"@id":"https:\/\/fredericlouvier.com\/#\/schema\/person\/850d4ea321d8e8771ff0b80afc2a1436"},"potentialAction":[{"@type":"SearchAction","target":{"@type":"EntryPoint","urlTemplate":"https:\/\/fredericlouvier.com\/?s={search_term_string}"},"query-input":{"@type":"PropertyValueSpecification","valueRequired":true,"valueName":"search_term_string"}}],"inLanguage":"fr-FR"},{"@type":["Person","Organization"],"@id":"https:\/\/fredericlouvier.com\/#\/schema\/person\/850d4ea321d8e8771ff0b80afc2a1436","name":"admin3311","image":{"@type":"ImageObject","inLanguage":"fr-FR","@id":"https:\/\/fredericlouvier.com\/#\/schema\/person\/image\/","url":"https:\/\/secure.gravatar.com\/avatar\/a437c17efbe56bfb68f9caf8f705acd539dde2921994b37f199ec84a9702abdf?s=96&d=mm&r=g","contentUrl":"https:\/\/secure.gravatar.com\/avatar\/a437c17efbe56bfb68f9caf8f705acd539dde2921994b37f199ec84a9702abdf?s=96&d=mm&r=g","caption":"admin3311"},"logo":{"@id":"https:\/\/fredericlouvier.com\/#\/schema\/person\/image\/"},"sameAs":["https:\/\/www.facebook.com\/FredCeram-2163652993681523","https:\/\/www.instagram.com\/louvier.frederic\/?hl=fr","https:\/\/www.pinterest.fr\/louvierfrederic\/_created\/"]}]}},"jetpack_sharing_enabled":true,"_links":{"self":[{"href":"https:\/\/fredericlouvier.com\/index.php\/wp-json\/wp\/v2\/pages\/37","targetHints":{"allow":["GET"]}}],"collection":[{"href":"https:\/\/fredericlouvier.com\/index.php\/wp-json\/wp\/v2\/pages"}],"about":[{"href":"https:\/\/fredericlouvier.com\/index.php\/wp-json\/wp\/v2\/types\/page"}],"author":[{"embeddable":true,"href":"https:\/\/fredericlouvier.com\/index.php\/wp-json\/wp\/v2\/users\/1"}],"replies":[{"embeddable":true,"href":"https:\/\/fredericlouvier.com\/index.php\/wp-json\/wp\/v2\/comments?post=37"}],"version-history":[{"count":0,"href":"https:\/\/fredericlouvier.com\/index.php\/wp-json\/wp\/v2\/pages\/37\/revisions"}],"wp:featuredmedia":[{"embeddable":true,"href":"https:\/\/fredericlouvier.com\/index.php\/wp-json\/wp\/v2\/media\/87"}],"wp:attachment":[{"href":"https:\/\/fredericlouvier.com\/index.php\/wp-json\/wp\/v2\/media?parent=37"}],"curies":[{"name":"wp","href":"https:\/\/api.w.org\/{rel}","templated":true}]}}